{"id":5,"date":"2015-11-06T10:13:44","date_gmt":"2015-11-06T10:13:44","guid":{"rendered":"http:\/\/startit.select-themes.com\/startit1\/?page_id=5"},"modified":"2025-05-26T08:22:36","modified_gmt":"2025-05-26T06:22:36","slug":"one-page","status":"publish","type":"page","link":"http:\/\/veld.lt\/","title":{"rendered":"VELD"},"content":{"rendered":"[vc_row anchor=&#8221;apie&#8221; content_aligment=&#8221;center&#8221; css=&#8221;.vc_custom_1620306791512{padding-top: 70px !important;padding-bottom: 71px !important;background-color: #ffffff !important;}&#8221;][vc_column][vc_column_text]\r\n<h2>Apie mus ir k\u0105 mes darome<\/h2>\r\n[\/vc_column_text][vc_empty_space height=&#8221;22px&#8221;][vc_column_text]\r\n<p style=\"text-align: left;\">UAB \u201eVELD\u201c kolektyv\u0105 sudaro patyr\u0119 IT srities specialistai \u2013 profesionalai. In\u017einieriai turintys didesn\u0119 nei 10 met\u0173 darbo IT srityje (kompiuterin\u0117s \u012frangos remonto, prie\u017ei\u016bros) patirt\u012f. Remonto darbus atiekame be tarpinink\u0173. Profesionalus, tikslus ir kokybi\u0161kas gedim\u0173 nustatymas, bei \u0161alinimas. Galime greitai ir kokybi\u0161kai atlikti sud\u0117tingiausius kompiuterin\u0117s \u012frangos remonto darbus u\u017e priimtin\u0105 kain\u0105.<\/p>\r\n\r\n<ul style=\"text-align: left;\">\r\n \t<li>kompiuteris j\u016bs\u0173 neklauso, reikia pagalbos?<\/li>\r\n \t<li>kompiuterin\u0117s technikos problemos?<\/li>\r\n \t<li>operacin\u0117s sistemos ar programin\u0117s \u012frangos problemos \u2013 nesuderinamumai?<\/li>\r\n \t<li>kompiuter\u012f u\u017epuol\u0117 virusai?<\/li>\r\n \t<li>praradote duomenis?<\/li>\r\n \t<li>norite atnaujinti, paspartinti ar patobulinti kompiuter\u012f?<\/li>\r\n<\/ul>\r\n<p style=\"text-align: left;\"><em>Tuomet mes J\u016bs\u0173 laukiame!<\/em><\/p>\r\n<p style=\"text-align: left;\"><\/p>\r\n[\/vc_column_text][vc_row_inner][vc_column_inner][vc_single_image image=&#8221;2068&#8243; img_size=&#8221;full&#8221;][\/vc_column_inner][\/vc_row_inner][\/vc_column][\/vc_row][vc_row content_width=&#8221;grid&#8221; content_aligment=&#8221;center&#8221; css=&#8221;.vc_custom_1620370469593{padding-bottom: 42px !important;background-color: #ffffff !important;}&#8221; el_class=&#8221;custom-row-class&#8221;][vc_column width=&#8221;1\/2&#8243; offset=&#8221;vc_col-lg-3 vc_col-md-6&#8243;]    <span class=\"qodef-icon-animation-holder\" style=\"transition-delay: 100ms;-webkit-transition-delay: 100ms;-moz-transition-delay: 100ms;-ms-transition-delay: 100ms\">\n\n    <span class=\"qodef-icon-shortcode circle qodef-icon-animation\" style=\"width: 90px;height: 90px;line-height: 90px;background-color: #b2dd4c;border-style: solid;border-width: 0px\" data-hover-background-color=\"#979797\" data-animation-delay=\"100\" data-hover-color=\"#ffffff\" data-color=\"#ffffff\">\n        \n        <i class=\"qodef-icon-font-awesome fa fa-object-group qodef-icon-element\" style=\"color: #ffffff;font-size:32px\" ><\/i>\n            <\/span>\n\n    <\/span>\n[vc_empty_space height=&#8221;41px&#8221;][vc_column_text]\r\n<h5>Kompiuteriai<\/h5>\r\n[\/vc_column_text][vc_empty_space height=&#8221;9px&#8221;][vc_column_text]Prekyba naujais ir naudotais kompiuteriais.[\/vc_column_text][vc_empty_space height=&#8221;50px&#8221;][\/vc_column][vc_column width=&#8221;1\/2&#8243; offset=&#8221;vc_col-lg-3 vc_col-md-6&#8243;]    <span class=\"qodef-icon-animation-holder\" style=\"transition-delay: 300ms;-webkit-transition-delay: 300ms;-moz-transition-delay: 300ms;-ms-transition-delay: 300ms\">\n\n    <span class=\"qodef-icon-shortcode circle qodef-icon-animation\" style=\"width: 90px;height: 90px;line-height: 90px;background-color: #b2dd4c;border-style: solid;border-width: 0px\" data-hover-background-color=\"#979797\" data-animation-delay=\"300\" data-hover-color=\"#ffffff\" data-color=\"#ffffff\">\n        \n        <i class=\"qodef-icon-font-awesome fa fa-folder-open-o qodef-icon-element\" style=\"color: #ffffff;font-size:32px\" ><\/i>\n            <\/span>\n\n    <\/span>\n[vc_empty_space height=&#8221;41px&#8221;][vc_column_text]\r\n<h5>Programin\u0117 \u012franga<\/h5>\r\n[\/vc_column_text][vc_empty_space height=&#8221;9px&#8221;][vc_column_text]\r\n<p style=\"text-align: center;\">Programin\u0117s \u012frangos diegimas ir derinimas.<\/p>\r\n[\/vc_column_text][vc_empty_space height=&#8221;50px&#8221;][\/vc_column][vc_column width=&#8221;1\/2&#8243; offset=&#8221;vc_col-lg-3 vc_col-md-6&#8243;]    <span class=\"qodef-icon-animation-holder\" style=\"transition-delay: 500ms;-webkit-transition-delay: 500ms;-moz-transition-delay: 500ms;-ms-transition-delay: 500ms\">\n\n    <span class=\"qodef-icon-shortcode circle qodef-icon-animation\" style=\"width: 90px;height: 90px;line-height: 90px;background-color: #b2dd4c;border-style: solid;border-width: 0px\" data-hover-background-color=\"#979797\" data-animation-delay=\"500\" data-hover-color=\"#ffffff\" data-color=\"#ffffff\">\n        \n        <i class=\"qodef-icon-font-awesome fa fa-file-o qodef-icon-element\" style=\"color: #ffffff;font-size:32px\" ><\/i>\n            <\/span>\n\n    <\/span>\n[vc_empty_space height=&#8221;41px&#8221;][vc_column_text]\r\n<h5>Duomen\u0173 atstatymas<\/h5>\r\n[\/vc_column_text][vc_empty_space height=&#8221;9px&#8221;][vc_column_text]\r\n<p style=\"text-align: center;\">Prarast\u0173 duomen\u0173 atstatymas po i\u0161trynimo, kaupiklio fizinio ar programinio gedimo.<\/p>\r\n[\/vc_column_text][vc_empty_space height=&#8221;50px&#8221;][\/vc_column][vc_column width=&#8221;1\/2&#8243; offset=&#8221;vc_col-lg-3 vc_col-md-6&#8243;]    <span class=\"qodef-icon-animation-holder\" style=\"transition-delay: 700ms;-webkit-transition-delay: 700ms;-moz-transition-delay: 700ms;-ms-transition-delay: 700ms\">\n\n    <span class=\"qodef-icon-shortcode circle qodef-icon-animation\" style=\"width: 90px;height: 90px;line-height: 90px;background-color: #b2dd4c;border-style: solid;border-width: 0px\" data-hover-background-color=\"#979797\" data-animation-delay=\"700\" data-hover-color=\"#ffffff\" data-color=\"#ffffff\">\n        \n        <i class=\"qodef-icon-font-awesome fa fa-television qodef-icon-element\" style=\"color: #ffffff;font-size:32px\" ><\/i>\n            <\/span>\n\n    <\/span>\n[vc_empty_space height=&#8221;41px&#8221;][vc_column_text]\r\n<h5>\u012erangos remontas<\/h5>\r\n[\/vc_column_text][vc_empty_space height=&#8221;9px&#8221;][vc_column_text]\r\n<p style=\"text-align: center;\">IT i\u0161mani\u0173j\u0173 \u012frengini\u0173, kompiuteri\u0173, elektronini\u0173 prietais\u0173 remontas ir gamyba.<\/p>\r\n[\/vc_column_text][vc_empty_space height=&#8221;50px&#8221;][\/vc_column][\/vc_row][vc_row anchor=&#8221;paslaugos&#8221;][vc_column]<div id=\"qodef-particles\" class=\"auto\" style=\"background-color: #f8f8f8;\" data-particles-density=\"high\" data-particles-color=\"#9fd677\" data-particles-opacity=\"1\" data-particles-size=\"2\" data-speed=\"2\" data-show-lines=\"yes\" data-line-length=\"100\" data-hover=\"yes\" ><div id=\"qodef-p-particles-container\"><\/div><div class=\"qodef-p-content\" data-margin-top=\"5%\" data-margin-bottom=\"4%\"><div class=\"qodef-elements-holder qodef-two-columns qodef-responsive-mode-1024 qodef-one-column-alignment-left\" ><div class=\"qodef-elements-holder-item qodef-vertical-alignment-top qodef-horizontal-alignment-left\" >\n\t<div class=\"qodef-elements-holder-item-inner\">\n\t\t<div class=\"qodef-elements-holder-item-content qodef-elements-holder-custom-391998\" style=\"padding: 0 15px 0 0\">\n\t\t\t\t\t\t<style type=\"text\/css\" data-type=\"qodef-elements-custom-padding\">\n\t\t\t\t\t\t\t\t@media only screen and (min-width: 1280px) and (max-width: 1600px) {\n\t\t\t\t\t.qodef-elements-holder .qodef-elements-holder-item-content.qodef-elements-holder-custom-391998 {\n\t\t\t\t\t\tpadding:  !important;\n\t\t\t\t\t}\n\t\t\t\t}\n\t\t\t\t\t\t\t\t\t\t\t\t\t@media only screen and (min-width: 1024px) and (max-width: 1280px) {\n\t\t\t\t\t\t.qodef-elements-holder .qodef-elements-holder-item-content.qodef-elements-holder-custom-391998 {\n\t\t\t\t\t\t\tpadding:  !important;\n\t\t\t\t\t\t}\n\t\t\t\t\t}\n\t\t\t\t\t\t\t\t\t\t\t\t@media only screen and (min-width: 768px) and (max-width: 1024px) {\n\t\t\t\t\t.qodef-elements-holder .qodef-elements-holder-item-content.qodef-elements-holder-custom-391998 {\n\t\t\t\t\t\tpadding: 0 0 0 0 !important;\n\t\t\t\t\t}\n\t\t\t\t}\n\t\t\t\t\t\t\t\t\t\t\t\t@media only screen and (min-width: 600px) and (max-width: 768px) {\n\t\t\t\t\t.qodef-elements-holder .qodef-elements-holder-item-content.qodef-elements-holder-custom-391998 {\n\t\t\t\t\t\tpadding:  !important;\n\t\t\t\t\t}\n\t\t\t\t}\n\t\t\t\t\t\t\t\t\t\t\t\t@media only screen and (min-width: 480px) and (max-width: 600px) {\n\t\t\t\t\t.qodef-elements-holder .qodef-elements-holder-item-content.qodef-elements-holder-custom-391998 {\n\t\t\t\t\t\tpadding:  !important;\n\t\t\t\t\t}\n\t\t\t\t}\n\t\t\t\t\t\t\t\t\t\t\t\t@media only screen and (max-width: 480px) {\n\t\t\t\t\t.qodef-elements-holder .qodef-elements-holder-item-content.qodef-elements-holder-custom-391998 {\n\t\t\t\t\t\tpadding:  !important;\n\t\t\t\t\t}\n\t\t\t\t}\n\t\t\t\t\t\t\t\t<\/style>\n\t\t\t\t\t\t[vc_column_text]\r\n<h2>M\u016bs\u0173 veiklos sritys<\/h2>\r\n[\/vc_column_text][vc_empty_space height=&#8221;29px&#8221;][vc_column_text]Specializuojam\u0117s \u012fmoni\u0173 IT, bei komunikacin\u0117s tinklin\u0117s \u012frangos diegimu, derinim\u0173 ir gedim\u0173 \u0161alinimu.\r\n\r\nAsmenini\u0173 kompiuteri\u0173, i\u0161mani\u0173j\u0173 \u012frengini\u0173 bei periferini\u0173 \u012frengini\u0173 diegimu, derinimu ir jei reikia &#8211; remontu.\r\n\r\nPalaikome glaud\u017eius, draugi\u0161kus ir ilgalaikius santykius tiek su pavieniais asmenimis, tiek\u00a0 su didel\u0117mis \u012fmon\u0117mis.\r\n\r\n&nbsp;\r\n\r\n&nbsp;\r\n<ul>\r\n \t<li>stacionari\u0173j\u0173, ne\u0161iojam\u0173j\u0173 kompiuteri\u0173 remontas, spartinimas, atnaujinimas, mechani\u0161kai pa\u017eeist\u0173 LCD ekran\u0173 remontas arba keitimas;<\/li>\r\n \t<li>operacin\u0117s sistemos (OS) diegimas, i\u0161saugant kliento duomenis;<\/li>\r\n \t<li>programin\u0117s \u012frangos optimizavimas, \u201c\u0161iuk\u0161li\u0173\u201d \u0161alinimas, tvarkykli\u0173 (draiveri\u0173) paie\u0161ka, bei diegimas;<\/li>\r\n \t<li>kompiuterini\u0173 virus\u0173, kenk\u0117ji\u0161k\u0173 program\u0173 paie\u0161ka ir \u0161alinimas;<\/li>\r\n \t<li>i\u0161trint\u0173 byl\u0173 (fail\u0173) atk\u016brimas i\u0161 logini\u0173 disk\u0173, flash korteli\u0173, atmintini\u0173. Logini\u0173 klaid\u0173 \u0161alinimas, i\u0161trinto pa\u0161to atstatymas;<\/li>\r\n \t<li>kompiuterini\u0173 virus\u0173 sugadintos informacijos atk\u016brimas, operacin\u0117s sistemos (OS) atstatymas;<\/li>\r\n \t<li>stacionari\u0173j\u0173, ne\u0161iojam\u0173j\u0173, delnini\u0173 kompiuteri\u0173 sud\u0117tingi remonto darbai (pagrindini\u0173 plok\u0161\u010di\u0173 bei vaizdo plok\u0161\u010di\u0173 mikroschem\u0173, mechani\u0161kai pa\u017eeist\u0173 jung\u010di\u0173, keitimas perlituojant);<\/li>\r\n \t<li>remontuojami visi negarantiniai stacionarieji, ne\u0161iojamieji, delniniai kompiuteriai;<\/li>\r\n \t<li>nepertraukiamo maitinimo \u0161altini\u0173 (UPS) remontas, akumuliatori\u0173 keitimas;<\/li>\r\n \t<li>naujos kompiuterin\u0117s \u012frangos pardavimas, stacionari\u0173 kompiuteri\u0173 surinkimas, bei programin\u0117s \u012frangos diegimas.<\/li>\r\n<\/ul>\r\n<strong><em>Remonto darbus atliekame be tarpinink\u0173.<\/em><\/strong>\r\n\r\n[\/vc_column_text][vc_empty_space height=&#8221;40px&#8221;]\t\t<\/div>\n\t<\/div>\n<\/div><\/div><\/div><\/div>[\/vc_column][\/vc_row][vc_row anchor=&#8221;pagalba&#8221; content_aligment=&#8221;center&#8221; css=&#8221;.vc_custom_1630321157998{padding-top: 76px !important;padding-bottom: 72px !important;}&#8221;][vc_column][vc_column_text]\r\n<h2>Pagalba<\/h2>\r\n[\/vc_column_text][vc_empty_space height=&#8221;22px&#8221;][vc_column_text][\/vc_column_text][vc_row_inner css_animation=&#8221;qodef-element-from-fade&#8221;][vc_column_inner width=&#8221;1\/4&#8243;][vc_single_image image=&#8221;1961&#8243; alignment=&#8221;center&#8221; style=&#8221;vc_box_shadow_border&#8221; onclick=&#8221;custom_link&#8221; link=&#8221;https:\/\/download.anydesk.com\/AnyDesk.exe&#8221;][vc_empty_space][vc_column_text]\r\n<p style=\"text-align: center;\">Programos AnyDesk atsisiuntimas nuotolinei pagalbai.<\/p>\r\n[\/vc_column_text][\/vc_column_inner][vc_column_inner width=&#8221;1\/4&#8243;][vc_single_image image=&#8221;1963&#8243; alignment=&#8221;center&#8221; style=&#8221;vc_box_shadow_border&#8221; onclick=&#8221;custom_link&#8221; link=&#8221;https:\/\/download.teamviewer.com\/download\/TeamViewerQS.exe&#8221;][vc_empty_space][vc_column_text]Programos TeamViewer atsisiuntimas nuotolinei pagalbai.[\/vc_column_text][\/vc_column_inner][vc_column_inner width=&#8221;1\/4&#8243;][vc_single_image image=&#8221;1962&#8243; alignment=&#8221;center&#8221; style=&#8221;vc_box_shadow_border&#8221; onclick=&#8221;custom_link&#8221; link=&#8221;https:\/\/download.eset.com\/com\/eset\/tools\/online_scanner\/latest\/esetonlinescanner.exe&#8221;][vc_empty_space][vc_column_text]ESET Online kompiuterio virus\u0173 tikrinimas.[\/vc_column_text][\/vc_column_inner][vc_column_inner width=&#8221;1\/4&#8243;][vc_single_image image=&#8221;1960&#8243; alignment=&#8221;center&#8221; style=&#8221;vc_box_shadow_border&#8221; onclick=&#8221;custom_link&#8221; link=&#8221;https:\/\/www.7-zip.org\/a\/7z1900-x64.exe&#8221;][vc_empty_space][vc_column_text]Nemokama fail\u0173 archyv\u0173 programa.[\/vc_column_text][\/vc_column_inner][\/vc_row_inner][\/vc_column][\/vc_row][vc_row content_width=&#8221;grid&#8221; anchor=&#8221;kontaktai&#8221; css=&#8221;.vc_custom_1620370416472{padding-top: 56px !important;padding-bottom: 43px !important;}&#8221;][vc_column width=&#8221;1\/2&#8243; offset=&#8221;vc_col-lg-6 vc_col-md-6&#8243;][vc_column_text]<form id=\"vscf\" class=\"vscf-shortcode\" method=\"post\">\r\n\t<div class=\"form-group vscf-name-group\">\r\n\t\t<label for=\"vscf_name\" class=\"vscf-label\">Vardas <\/label>\r\n\t\t<input type=\"text\" name=\"vscf_name\" id=\"vscf_name\"  class=\"form-control\" placeholder=\"\" value=\"\" aria-required=\"true\" \/>\r\n\t\t\r\n\t<\/div>\r\n\t<div class=\"form-group vscf-email-group\">\r\n\t\t<label for=\"vscf_email\" class=\"vscf-label\">El. pa\u0161to adresas <\/label>\r\n\t\t<input type=\"email\" name=\"vscf_email\" id=\"vscf_email\"  class=\"form-control\" placeholder=\"\" value=\"\" aria-required=\"true\" \/>\r\n\t\t\r\n\t<\/div>\r\n\t\r\n\t\t<div class=\"form-group vscf-subject-group\">\r\n\t\t\t<label for=\"vscf_subject\" class=\"vscf-label\">Tema <\/label>\r\n\t\t\t<input type=\"text\" name=\"vscf_subject\" id=\"vscf_subject\"  class=\"form-control\" placeholder=\"\" value=\"\" aria-required=\"true\" \/>\r\n\t\t\t\r\n\t\t<\/div>\r\n\t\r\n\t\r\n\t\t<div class=\"form-group vscf-sum-group\">\r\n\t\t\t<label for=\"vscf_sum\" class=\"vscf-label\">4 + 3 =<\/label>\r\n\t\t\t<input type=\"text\" name=\"vscf_sum\" id=\"vscf_sum\"  class=\"form-control\" placeholder=\"\" value=\"\" aria-required=\"true\" \/>\r\n\t\t\t<input type=\"hidden\" name=\"vscf_sum_hidden\" id=\"vscf_sum_hidden\" value=\"NDY4MTE3Mzc4MzM=\" \/>\r\n\t\t\t\r\n\t\t<\/div>\t\r\n\t\r\n\t<div class=\"form-group vscf-hide\">\r\n\t\t<label for=\"vscf_first_name\">Please ignore this field<\/label>\r\n\t\t<input type=\"text\" name=\"vscf_first_name\" id=\"vscf_first_name\" class=\"form-control\" tabindex=\"-1\" value=\"\" \/>\r\n\t<\/div>\r\n\t<div class=\"form-group vscf-hide\">\r\n\t\t<label for=\"vscf_last_name\">Please ignore this field<\/label>\r\n\t\t<input type=\"text\" name=\"vscf_last_name\" id=\"vscf_last_name\" class=\"form-control\" tabindex=\"-1\" value=\"\" \/>\r\n\t<\/div>\r\n\t<div class=\"form-group vscf-message-group\">\r\n\t\t<label for=\"vscf_message\" class=\"vscf-label\">\u017dinut\u0117 <\/label>\r\n\t\t<textarea name=\"vscf_message\" id=\"vscf_message\" rows=\"10\"  class=\"form-control\" placeholder=\"\" aria-required=\"true\"><\/textarea>\r\n\t\t\r\n\t<\/div>\r\n\t<div class=\"form-group vscf-display-none\">\r\n\t\t<input type=\"hidden\" name=\"vscf_token\" id=\"vscf_token\" class=\"form-control\" value=\"MTc3ODk2NjQzMg==\" \/>\r\n\t<\/div>\r\n\t\r\n\t<div class=\"form-group vscf-display-none\">\r\n\t\t<input type=\"hidden\" id=\"vscf_nonce\" name=\"vscf_nonce\" value=\"6f541771d8\" \/><input type=\"hidden\" name=\"_wp_http_referer\" value=\"\/index.php?rest_route=%2Fwp%2Fv2%2Fpages%2F5\" \/>\r\n\t<\/div>\r\n\t<div class=\"form-group vscf-submit-group\">\r\n\t\t<button type=\"submit\" name=\"vscf_send\" id=\"vscf_send\" class=\"btn btn-primary\">Pateikti<\/button>\r\n\t<\/div>\r\n\t\r\n\t\r\n\t\r\n<\/form>[\/vc_column_text][\/vc_column][vc_column width=&#8221;1\/2&#8243;][vc_empty_space height=&#8221;40px&#8221;][vc_column_text]\r\n<h5>Susisiekite su mumis nor\u0117dami bendradarbiauti, ie\u0161kodami technin\u0117s pagalbos ar tiesiog pad\u0117koti.<\/h5>\r\n[\/vc_column_text][vc_empty_space height=&#8221;47px&#8221;][vc_column_text]\r\n<h4>Apie remonto eig\u0105 informuojame telefonu. Apie galimyb\u0119 atsiimti daikt\u0105 informuojame sms \u017einute.<\/h4>\r\n[\/vc_column_text][vc_empty_space height=&#8221;16px&#8221;][vc_row_inner][vc_column_inner width=&#8221;1\/2&#8243;][vc_column_text]Adresas: Dubingi\u0173 g. 14, Kaunas, LT-49382\r\n\r\nEl. pa\u0161tas: veld@veld.lt\r\n\r\nTelefonas: +370 608 27526\r\n\r\nDarbo laikas: I\u2013V 9\u201318 val.\r\n\r\n\u012emon\u0117s kodas: 302447921\r\n\r\nPVM kodas: LT100005218016\r\n\r\nAts. s\u0105skaita: LT86 7044 0600 0721 8454\r\n\r\nBankas: AB SEB bankas[\/vc_column_text][\/vc_column_inner][vc_column_inner width=&#8221;1\/2&#8243;][vc_hoverbox image=&#8221;2041&#8243; primary_title=&#8221;&#8221; hover_title=&#8221;&#8221;]<iframe loading=\"lazy\" style=\"border: 0;\" src=\"https:\/\/www.google.com\/maps\/embed?pb=!1m18!1m12!1m3!1d2292.7926701937795!2d23.965460515966527!3d54.92411026306341!2m3!1f0!2f0!3f0!3m2!1i1024!2i768!4f13.1!3m3!1m2!1s0x46e718f7a1921d27%3A0xf236990a27406826!2sDubingi%C5%B3%20g.%2014%2C%20Kaunas%2049382!5e0!3m2!1slt!2slt!4v1630329480017!5m2!1slt!2slt\" width=\"200\" height=\"150\" allowfullscreen=\"allowfullscreen\"><\/iframe>\r\n\r\n&nbsp;\r\n\r\n&nbsp;\r\n\r\n[\/vc_hoverbox][\/vc_column_inner][\/vc_row_inner][\/vc_column][\/vc_row]<!-- \/wp:post-content -->","protected":false},"excerpt":{"rendered":"<p>[vc_row anchor=&#8221;apie&#8221; content_aligment=&#8221;center&#8221; css=&#8221;.vc_custom_1620306791512{padding-top: 70px !important;padding-bottom: 71px !important;background-color: #ffffff !important;}&#8221;][vc_column][vc_column_text] Apie mus ir k\u0105 mes darome [\/vc_column_text][vc_empty_space height=&#8221;22px&#8221;][vc_column_text] UAB \u201eVELD\u201c kolektyv\u0105 sudaro patyr\u0119 IT srities specialistai \u2013 profesionalai. In\u017einieriai turintys didesn\u0119 nei 10 met\u0173 darbo IT srityje (kompiuterin\u0117s \u012frangos remonto, prie\u017ei\u016bros) patirt\u012f. Remonto darbus atiekame&#8230;<\/p>\n","protected":false},"author":1,"featured_media":0,"parent":0,"menu_order":0,"comment_status":"closed","ping_status":"closed","template":"","meta":{"spay_email":"","footnotes":""},"class_list":["post-5","page","type-page","status-publish","hentry"],"_links":{"self":[{"href":"http:\/\/veld.lt\/index.php?rest_route=\/wp\/v2\/pages\/5","targetHints":{"allow":["GET"]}}],"collection":[{"href":"http:\/\/veld.lt\/index.php?rest_route=\/wp\/v2\/pages"}],"about":[{"href":"http:\/\/veld.lt\/index.php?rest_route=\/wp\/v2\/types\/page"}],"author":[{"embeddable":true,"href":"http:\/\/veld.lt\/index.php?rest_route=\/wp\/v2\/users\/1"}],"replies":[{"embeddable":true,"href":"http:\/\/veld.lt\/index.php?rest_route=%2Fwp%2Fv2%2Fcomments&post=5"}],"version-history":[{"count":53,"href":"http:\/\/veld.lt\/index.php?rest_route=\/wp\/v2\/pages\/5\/revisions"}],"predecessor-version":[{"id":2069,"href":"http:\/\/veld.lt\/index.php?rest_route=\/wp\/v2\/pages\/5\/revisions\/2069"}],"wp:attachment":[{"href":"http:\/\/veld.lt\/index.php?rest_route=%2Fwp%2Fv2%2Fmedia&parent=5"}],"curies":[{"name":"wp","href":"https:\/\/api.w.org\/{rel}","templated":true}]}}